0 = -0*t + 3*t - 15. Suppose 0 = 5*l + t*v + 1 - 11, 2*l - 3*v = 9. Suppose 0 = 5*m - l*p - 100, -5*m = 5*p - 30 - 70. What are the prime factors of m?
2, 5
Let x be (-10)/(-4) - (-2)/(-4). What are the prime factors of x/4 + 33/2?
17
Let c = 5 + 52. What are the prime factors of c?
3, 19
Suppose -10*l + 5792 = 6*l. List the prime factors of l.
2, 181
Let z = 26 - 46. Let t = z - -23. What are the prime factors of t?
3
Let z(d) = d - 3. Let a be (8 - 4)/(2/1). Suppose 0 = 2*u - 4*q - 6, -3*u + a*q + 11 = -10. List the prime factors of z(u).
2, 3
Let i = 272 + -144. List the prime factors of i.
2
Suppose 3*d = -2*n - 18, 0 = n - 2*d + 2. Let s(l) = -l**2 - 6*l. Let i be s(n). What are the prime factors of -2 + (i - 13)/(-1)?
11
Let n = 7 - 6. List the prime factors of (1*-15)/(n/(-1)).
3, 5
Suppose 5*w + 208 = 3*h - h, 0 = -5*w. List the prime factors of h.
2, 13
Suppose 2*x = -3*v + 14, 2*v - 4*v + 4*x + 20 = 0. Let g(m) = -m**2 + 9*m - 6. List the prime factors of g(v).
2, 3
Suppose -2*l + 5*l = -15. Let z(q) = -q**3 - 5*q**2 - 7*q - 5. List the prime factors of z(l).
2, 3, 5
What are the prime factors of 3*((-18)/(-1) + -3)?
3, 5
Let o(k) be the first derivative of -k - 2 - 1/3*k**3 - 9/2*k**2. List the prime factors of o(-8).
7
Let s(h) = -6*h - 11. What are the prime factors of s(-7)?
31
Suppose -3*a + 1 + 20 = -4*k, 4*a - 28 = -3*k. Let c = a + -3. What are the prime factors of c?
2
Suppose 5*h = 3*x + 34, -5 - 15 = 2*x - 2*h. List the prime factors of -4*(30/x + 1).
11
Suppose 2*r - r + 31 = 3*v, -42 = -4*v + r. Suppose -3*f - 2 = -v. What are the prime factors of f?
3
Let s(r) = r + 9. Let c be s(0). Suppose -u + 2*u = c. List the prime factors of u.
3
Let o(p) = 2*p**3 + 2*p**2 - 2*p. Let h be o(2). Suppose -h = -20*j + 15*j. List the prime factors of j.
2
Suppose 5*s - 502 = 118. Let p = s + -85. List the prime factors of p.
3, 13
Let z(a) = -3*a - 7 + 3*a + a. Let r be z(9). Suppose -r*o - 2*p = -4*p - 12, 2*p + 2 = 0. List the prime factors of o.
5
List the prime factors of (-3 + -28 + -4)*(-4 + 1).
3, 5, 7
Let v(l) = l**3 + 7*l**2 + 6*l - 5. Suppose 3*x + r + 3 = 0, r + 12 = -3*r. Let n(f) = -f**3 - f**2 + f - 5. Let p be n(x). What are the prime factors of v(p)?
3, 5
Suppose -2*o + 10 = -14. Let g = o - 10. What are the prime factors of g?
2
Let r(s) be the second derivative of 3*s**3/2 - s**2 + 4*s. What are the prime factors of r(2)?
2
Let w(o) be the first derivative of 5*o**2/2 + 4*o + 21. Let j be 22/6 + 4/(-6). What are the prime factors of w(j)?
19
Let z = 10 + 23. List the prime factors of z.
3, 11
Let f be (6/(-7))/(1/7). What are the prime factors of 18/27 - 242/f?
41
List the prime factors of 132/15 - 2/(-10).
3
Let z(m) = -5*m**3 + m**2 - m + 2. What are the prime factors of z(-2)?
2, 3
Suppose 4*h + 5*n = 11, -3*n - 30 = -5*h - 7. What are the prime factors of h?
2
Let p(f) = 7*f + 31. What are the prime factors of p(11)?
2, 3
Let f(m) be the second derivative of -11*m**6/720 + m**5/120 + m**4/3 + 4*m. Let z(h) be the third derivative of f(h). List the prime factors of z(-1).
2, 3
What are the prime factors of 88 + (-8)/2 + 0?
2, 3, 7
Let i(w) = -w**3 + 6*w**2 + w - 3. Let v = 7 - 1. List the prime factors of i(v).
3
Let d(f) = -f - 8. Let o = -2 - 5. Let t be d(o). Let c(v) = -8*v + 1. What are the prime factors of c(t)?
3
Suppose 88 = 4*n + 4*m - 104, 2*m = 5*n - 226. What are the prime factors of n?
2, 23
Suppose 0*i = -4*i + 4*f + 84, -4*f - 100 = -5*i. What are the prime factors of i?
2
Suppose 0*m = 3*m - 84. Suppose 3*c - m = c + 2*w, 0 = -3*c - 3*w + 30. List the prime factors of (15/c)/(1/4).
5
Let h(g) = -g**3 + 11*g**2 - 6*g + 11. What are the prime factors of h(10)?
3, 17
Let z = -42 - -6. What are the prime factors of (7/3)/((-2)/z)?
2, 3, 7
Suppose 2*i = -3 - 1, 2*c = -3*i - 2. List the prime factors of 274/18 - c/9.
3, 5
Suppose -5*p - 25 = 0, 2*a - 41 = -2*p - 7. Let r = -5 - -10. Suppose -a = -3*s + r. List the prime factors of s.
3
Let c be ((-11)/3)/((-3)/9). Let y be 3/(-6) - 7/(-2). Suppose -y*r = 1 + c, 80 = 4*o - r. What are the prime factors of o?
19
Suppose 3*w - 6 = 21. Let o = w - 6. Suppose 0 = 5*x - o*i - 18, -x + 5*i - 17 = -3. List the prime factors of x.
2, 3
Let p be (6/2)/(-3) + 2. Suppose -3*t + p = -35. Suppose c + 4 = -c, 4*y - t = -2*c. List the prime factors of y.
2
Suppose -201 = u - 2*u. List the prime factors of u.
3, 67
Let d be -6*((-3)/2)/3. Suppose -3*k - 6 = d*o + 3, -3*k = -4*o - 26. Suppose -3*c = -k*r + 35, 4*r + r - c - 55 = 0. What are the prime factors of r?
2, 5
Suppose -2*a + 0*g - g = -70, 4*a - g = 128. List the prime factors of a.
3, 11
Let w be -36 - (2 + 9/(-3)). Let p = 19 + w. Let v = 28 + p. What are the prime factors of v?
2, 3
Let h = -1 + 44. Let o = 60 - h. What are the prime factors of o?
17
Let j = 30 + -17. Let m = 54 + -31. Suppose -4*u + j = -m. List the prime factors of u.
3
Suppose 4*k + 0 = -8. List the prime factors of 4*(2 - 3)*k.
2
Let q be (-32)/2*1/(-2). What are the prime factors of (9 - 3)/(2/q)?
2, 3
Let u = -22 + 76. What are the prime factors of u?
2, 3
Let r = 0 + 17. List the prime factors of r.
17
Let p = -22 + 6. Let v = 15 + -23. Let t = v - p. What are the prime factors of t?
2
Let o(x) = 2*x + 3. Let u be o(-2). List the prime factors of (1 - u)/(4/18).
3
List the prime factors of ((-3)/2)/(7/(-462)).
3, 11
Let g(q) = -q**3 - 2*q**2 + q. Let m be (-1)/(-3) + 10/(-3). What are the prime factors of g(m)?
2, 3
Suppose -445 = -2*q + 177. Suppose p + 3*p - q = -5*m, m = -p + 63. List the prime factors of 4/16 - m/(-4).
3, 5
Let a(i) = -i**3 + 10*i - 3 - 8*i + 4*i + 4*i**2 + 1. What are the prime factors of a(4)?
2, 11
Let n(m) = -m**3 + 6*m**2 + 2*m - 9. Let r(a) = 2*a + 2. Let c be r(2). Let l be n(c). Suppose l*o - 1 = 14. What are the prime factors of o?
5
Let o = -8 - -13. Suppose -3 = 5*f + 4*q, -5*f - 30 = -0*f - o*q. List the prime factors of (-14)/(-2) - (f - -5).
5
Let x(w) = -w. Let m be x(-4). Suppose 3*p + 3*g - 2 = m, p - 5*g = 2. Suppose -p*r + 5*r - 39 = 0. What are the prime factors of r?
13
Suppose -5*o = -5*g + 25, 29 = -4*o - 7*g + 2*g. Let p = o - -10. List the prime factors of p.
2
Let f(a) = a**2 + 3*a + 1. Let r be f(-4). Suppose -r*o - 15 = -z + 1, 5*z + 4*o - 51 = 0. What are the prime factors of z?
11
Let k = 0 + 0. Let l be -16 - -2 - k/(-1). Let o = l - -24. List the prime factors of o.
2, 5
Let t = -44 - -303. What are the prime factors of t?
7, 37
Let k = -13 + 6. Let m(b) = 1. Let z(p) = p**2 + 7*p - 14. Let a(h) = -5*m(h) - z(h). List the prime factors of a(k).
3
Suppose -4*m = -2*p - 2*p + 188, -4*p = -m - 179. List the prime factors of p.
2, 11
Let u = -11 + 16. Let k be 3/u + 7/5. Suppose k*i = -5*t + 27, 10 = 4*t + 3*i - 6. List the prime factors of t.
7
Let p = -13 + 64. Suppose 5*h - 4 = -5*n + p, 0 = -h + 5*n - 1. What are the prime factors of h?
3
Suppose 4*c = 8*c + 8. List the prime factors of (-2)/4*3*c.
3
Suppose 0 = 2*q + 2*g - 34, 5*g - 22 = -6*q + 4*q. Let s = q - 6. List the prime factors of s.
3, 5
Let y = 78 + -43. List the prime factors of y.
5, 7
What are the prime factors of (4/12)/((-4)/(-540))?
3, 5
List the prime factors of (5 - 6)*(-561)/3.
11, 17
Let a(s) = 2*s - 3. Let n be a(3). Suppose x - 32 = -n*x. List the prime factors of x.
2
List the prime factors of -2 + 0 + 96 - -5.
3, 11
Suppose 0 = -b + 5*p + 18, -2*b + 3*p = b - 54. Let w = -13 + b. Suppose 3 = 6*i - 5*i + k, -2*i - 3*k = -w. List the prime factors of i.
2
Suppose 3*b = 456 + 63. List the prime factors of b.
173
Let d = 14 - -16. Suppose -4*c = -p + 3*p + d, -3*c = -2*p + 40. What are the prime factors of 8/c*(-15 - 0)?
2, 3
Suppose 3*h - 627 = 3*l, 2*h = -2*h + l + 839. What are the prime factors of h?
2, 3, 5, 7
Suppose -2*l + 4*l = 0. Suppose l = -2*t + t + 22. Suppose -4*g + t = k - 4*k, 31 = 5*g - 2*k. What are the prime factors of g?
7
Suppose k + 1 + 0 = 0, -61 = -5*p + k. List the prime factors of p.
2, 3
Let s(b) be the third derivative of 1/60*b**5 + 0 - 3/2*b**3 + 5/24*b**4 + 0*b + b**2. List the prime factors of s(-7).
5
Let t(f) = -5*f - 18. List the prime factors of t(-9).
3
Suppose 6 - 61 = -5*l. What are the prime factors of l?
11
Let d(t) = t**3 - 8*t**2 + 8*t - 7. Let s be d(7). Suppose -5